and 200996419.
377
Calculate the greatest common factor of 32195776 and 32.
32
Calculate the greatest common divisor of 227 and 53244212.
227
What is the greatest common factor of 431074 and 116886?
14
What is the greatest common factor of 98366724 and 3078?
3078
Calculate the highest common divisor of 29081 and 77259.
13
Calculate the highest common divisor of 84485231 and 36189.
4021
What is the greatest common factor of 621 and 17078067?
27
What is the highest common divisor of 275 and 94927950?
25
Calculate the greatest common factor of 414 and 12332094.
138
What is the greatest common factor of 2609555 and 490295?
1235
Calculate the greatest common divisor of 1648338 and 60.
6
Calculate the highest common factor of 517730 and 690.
230
Calculate the greatest common factor of 9706273 and 9.
1
Calculate the greatest common factor of 2592 and 16313157.
81
Calculate the highest common factor of 36808746 and 221.
13
What is the greatest common factor of 130 and 3134690?
130
Calculate the highest common divisor of 12508 and 8521016.
236
What is the highest common factor of 5038229 and 6713?
49
What is the highest common factor of 1425920 and 1440?
160
What is the highest common divisor of 13011336 and 702?
234
Calculate the greatest common factor of 336 and 5733840.
336
What is the greatest common factor of 286548372 and 88?
44
What is the greatest common factor of 73224621 and 194?
97
What is the greatest common divisor of 294 and 3370332?
42
Calculate the greatest common factor of 23892363 and 231.
33
Calculate the greatest common factor of 17277 and 1080920.
443
What is the highest common factor of 148248 and 263784?
696
What is the highest common factor of 656131812 and 56?
28
What is the highest common divisor of 3978938 and 949?
73
What is the highest common factor of 11968 and 96912376?
1496
What is the greatest common factor of 190 and 72438184?
38
What is the greatest common divisor of 11763465 and 20286?
483
Calculate the greatest common factor of 610 and 2811429.
61
What is the greatest common divisor of 108753 and 93?
3
What is the greatest common divisor of 38280 and 426880?
1160
Calculate the greatest common divisor of 576 and 51389244.
36
What is the highest common factor of 812036 and 844076?
356
Calculate the highest common divisor of 8032521 and 33867.
159
Calculate the greatest common divisor of 844 and 586050812.
844
Calculate the greatest common divisor of 123 and 1703796.
123
What is the greatest common factor of 91 and 19012175?
91
Calculate the highest common divisor of 1069290 and 138430.
1090
Calculate the greatest common factor of 51 and 38792657.
17
Calculate the highest common divisor of 324 and 277974.
18
What is the greatest common factor of 159 and 27476737?
53
Calculate the highest common factor of 806 and 758966.
26
Calculate the highest common divisor of 2320 and 127836176.
464
Calculate the greatest common divisor of 126 and 63961506.
126
What is the greatest common factor of 3417496 and 3655800?
5416
Calculate the greatest common factor of 92225 and 3430.
35
Calculate the highest common divisor of 3570 and 19628370.
510
Calculate the greatest common factor of 152814580 and 4.
4
Calculate the highest common factor of 118167 and 69972.
357
Calculate the highest common factor of 10126894 and 217.
31
Calculate the highest common factor of 43706 and 271297.
533
Calculate the highest common divisor of 493839 and 8325.
333
Calculate the highest common factor of 106869772 and 1364.
124
What is the highest common factor of 13173790 and 3020?
10
Calculate the greatest common divisor of 27 and 447285.
3
Calculate the highest common divisor of 57060 and 163255.
1585
What is the highest common factor of 6624234 and 5490?
1098
What is the highest common divisor of 3286431 and 9?
9
What is the greatest common factor of 200 and 195608?
8
Calculate the greatest common factor of 89660264 and 5.
1
What is the highest common divisor of 55 and 4763?
11
Calculate the highest common divisor of 9524365 and 8490.
1415
What is the highest common divisor of 64237929 and 46011?
6573
What is the greatest common factor of 44 and 455668?
4
Calculate the greatest common factor of 119945504 and 1645.
329
What is the highest common factor of 8057921 and 316?
79
Calculate the greatest common factor of 472 and 178558426.
118
Calculate the greatest common divisor of 111 and 805379.
37
What is the greatest common divisor of 29913018 and 345?
69
What is the highest common divisor of 5801160 and 104922?
174
Calculate the greatest common factor of 43208 and 102613599.
5401
Calculate the highest common divisor of 28 and 25645886.
14
Calculate the greatest common factor of 73337088 and 5632.
2816
Calculate the highest common divisor of 281296 and 3584.
16
What is the greatest common divisor of 7780433 and 4196?
1049
Calculate the greatest common divisor of 15847 and 1150414.
23
Calculate the greatest common factor of 2919 and 8231997.
417
Calculate the greatest common divisor of 873 and 2627245.
97
Calculate the greatest common factor of 133854435 and 110.
55
What is the greatest common divisor of 2579146 and 4942878?
5822
Calculate the greatest common factor of 24914469 and 357.
51
Calculate the highest common divisor of 1751598 and 82152.
2934
What is the greatest common factor of 67295 and 29670?
215
What is the greatest common factor of 182033511 and 33?
33
Calculate the greatest common divisor of 6656248 and 53176.
2312
Calculate the highest common factor of 644466 and 15984.
222
Calculate the highest common factor of 60107292 and 27.
27
Calculate the highest common divisor of 260883342 and 7776.
486
What is the highest common divisor of 2947867 and 24674?
169
Calculate the greatest common divisor of 10051782 and 1518.
138
What is the greatest common divisor of 101 and 130339995?
101
What is the greatest common factor of 261 and 56984449?
29
What is the greatest common divisor of 60297 and 1592?
199
What is the highest common factor of 2879554 and 590?
118
What is the greatest common factor of 52743838 and 1949?
1949
What is the greatest common divisor of 9259608 and 120?
24
What is the highest common divisor of 250543 and 28?
1
What is the highest common divisor of 33 and 25640197?
11
Calculate the highest common factor of 9153574 and 195114.
2098
Calculate the greatest common divisor of 64494352 and 27118.
3874
Calculate the highest common factor of 1974 and 77751366.
42
What is the greatest common divisor of 1091141689 and 62?
31
Calculate the greatest common factor of 2891 and 1909383.
49
Calculate the greatest common divisor of 508400 and 13981.
1271
Calculate the highest common divisor of 3878083 and 5104.
319
Calculate the greatest common divisor of 120 and 179504920.
40
What is the highest common factor of 45 and 69088185?
45
Calculate the highest common divisor of 26045 and 43175.
5
What is the highest common divisor of 595 and 4254005?
35
Calculate the greatest common divisor of 155147 and 147110.
47
Calculate the greatest common factor of 203864 and 26027.
17
Calculate the greatest common factor of 2380 and 3778320.
140
What is the greatest common divisor of 306171915 and 105?
105
What is the greatest common divisor of 425141283 and 57?
57
What is the greatest common divisor of 23469588 and 918?
918
Calculate the highest common factor of 659772 and 739189.
6109
What is the highest common divisor of 95628036 and 112?
28
Calculate the greatest common factor of 2821728 and 2379.
39
Calculate the greatest common divisor of 207932075 and 23.
23
Calculate the highest common factor of 27555419 and 33864.
1411
Calculate the highest common divisor of 7828 and 12844.
76
What is the highest common factor of 189 and 125378793?
27
What is the greatest common factor of 5392 and 686249276?
1348
What is the greatest common divisor of 17952 and 573840?
48
Calculate the greatest common divisor of 152884 and 1904852.
4132
What is the greatest common factor of 109028283 and 42952?
5369
Calculate the greatest common divisor of 936 and 32246955.
117
What is the greatest common divisor of 25056 and 179064?
216
Calculate the greatest common factor of 16813536 and 384.
96
What is the greatest common factor of 16862 and 22?
2
Calculate the highest common f